 is -4b75 (base 13) in base 15?
-32b3
-138e (base 15) to base 5
-113214
What is 107255 (base 8) in base 2?
1000111010101101
Convert 94cb (base 15) to base 11.
21706
-201020 (base 5) to base 9
-8674
What is 3455 (base 6) in base 11?
692
Convert 2113223 (base 4) to base 8.
22753
Convert -10100100000 (base 2) to base 10.
-1312
What is -1000111101101111 (base 2) in base 4?
-20331233
-36171 (base 8) to base 12
-8b61
Convert 16522 (base 7) to base 11.
3601
Convert 47b (base 14) to base 12.
625
Convert -107 (base 14) to base 10.
-203
-110001011 (base 2) to base 10
-395
-531 (base 7) to base 15
-12c
Convert 1232442 (base 6) to base 10.
66698
-14220 (base 9) to base 5
-302112
Convert 1011110000010 (base 2) to base 3.
22020220
What is -40 (base 13) in base 2?
-110100
419 (base 10) to base 7
1136
What is 1121202 (base 3) in base 16?
49d
What is -120220 (base 5) in base 2?
-1000101010011
-1112220 (base 3) to base 9
-1486
-12170 (base 12) to base 15
-7380
341444 (base 6) to base 5
1411100
What is -5817 (base 11) in base 6?
-55213
Convert 2013 (base 8) to base 2.
10000001011
-40140 (base 7) to base 6
-112453
Convert -250a (base 13) to base 6.
-40145
What is -12024 (base 5) in base 8?
-1571
What is 62352 (base 7) in base 14?
57d2
What is -3496 (base 13) in base 8?
-16336
Convert -90 (base 13) to base 5.
-432
What is -899 (base 15) in base 8?
-3630
-1010100010 (base 2) to base 16
-2a2
Convert 1000010010011 (base 2) to base 14.
1791
What is 731 (base 12) in base 5?
13140
Convert 111110101111 (base 2) to base 3.
12111201
Convert 33 (base 13) to base 4.
222
What is 41 (base 8) in base 10?
33
Convert 576 (base 10) to base 7.
1452
What is 1001011111111 (base 2) in base 7?
20115
21211222 (base 3) to base 10
5723
Convert 2041 (base 5) to base 9.
331
What is 31 (base 12) in base 9?
41
61011 (base 8) to base 4
12020021
What is 2015 (base 9) in base 2?
10111000000
Convert -111210012 (base 3) to base 16.
-2741
Convert -3221221 (base 4) to base 13.
-6a63
13436 (base 12) to base 4
12132222
Convert 143 (base 8) to base 9.
120
What is -1241 (base 8) in base 6?
-3041
-13a8 (base 12) to base 6
-14332
What is 32150 (base 6) in base 9?
6013
Convert 15047 (base 8) to base 6.
50555
501 (base 13) to base 10
846
-826 (base 13) to base 8
-2550
Convert 21210000 (base 3) to base 2.
1011000100110
-2320 (base 5) to base 10
-335
-bb (base 13) to base 6
-414
What is -21aa (base 14) in base 5?
-141314
-42434 (base 5) to base 16
-b35
Convert 172 (base 15) to base 7.
653
964 (base 11) to base 9
1527
Convert -1a511 (base 11) to base 5.
-1403233
What is 1320 (base 8) in base 3?
222200
What is 10041 (base 5) in base 8?
1206
What is 111110011 (base 2) in base 5?
3444
What is 54 (base 13) in base 14?
4d
-2169 (base 11) to base 9
-3825
Convert -75e1 (base 15) to base 8.
-60601
Convert -1102 (base 4) to base 13.
-64
What is -1222020 (base 3) in base 2?
-10110011101
Convert -1aaa7 (base 11) to base 13.
-10432
Convert 7087 (base 16) to base 3.
1110111221
What is 310 (base 11) in base 4?
11312
Convert 2726 (base 12) to base 7.
16050
Convert -10001000111 (base 2) to base 14.
-583
Convert 30045 (base 6) to base 15.
1262
Convert 39a (base 14) to base 3.
222211
Convert -101001000 (base 3) to base 12.
-4299
Convert 5771 (base 13) to base 15.
3975
What is 9ee (base 16) in base 6?
15434
Convert -13001112 (base 4) to base 6.
-341050
-8877 (base 9) to base 16
-1996
What is 4302 (base 9) in base 4?
301121
What is -54577 (base 9) in base 12?
-18b44
c17c (base 13) to base 3
1100112112
What is -31567 (base 9) in base 16?
-518e
What is -201 (base 10) in base 4?
-3021
What is 10111000101 (base 2) in base 8?
2705
Convert 3254 (base 10) to base 15.
e6e
Convert 4445 (base 7) to base 8.
3101
1912 (base 10) to base 15
877
What is -1101110011101 (base 2) in base 5?
-211234
Convert -2424 (base 5) to base 2.
-101101100
Convert -79d5 (base 14) to base 15.
-6409
What is -121021 (base 3) in base 11?
-36a
What is 1402 (base 8) in base 6?
3322
Convert -210113 (base 4) to base 13.
-10a0
Convert -22020212 (base 3) to base 16.
-1781
Convert -3204 (base 5) to base 4.
-12231
What is 1142a (base 11) in base 6?
204200
Convert 110001000000000 (base 2) to base 13.
b55b
-2102110 (base 3) to base 5
-24032
-362052 (base 7) to base 6
-1223250
What is 2010 (base 6) in base 15?
1e3
2701 (base 12) to base 2
1000101110001
5060 (base 10) to base 14
1bb6
Convert -2060 (base 9) to base 6.
-11000
112 (base 6) to base 11
40
Convert -24054 (base 6) to base 14.
-13b4
104103 (base 7) to base 8
43467
-3114 (base 5) to base 12
-2a1
What is -687 (base 10) in base 16?
-2af
Convert -11435 (base 9) to base 11.
-5821
-44102 (base 6) to base 12
-3632
Convert 310 (base 16) to base 11.
653
What is 23463 (base 8) in base 6?
114243
Convert 1010133 (base 4) to base 8.
10437
537 (base 10) to base 2
1000011001
230002 (base 4) to base 13
138a
27fe (base 16) to base 3
112001012
What is -1075 (base 8) in base 10?
-573
What is -409 (base 15) in base 2?
-1110001101
-5b6 (base 13) to base 9
-1324
Convert e4b0 (base 15) to base 12.
23b63
6707 (base 9) to base 7
20266
What is 9e9 (base 16) in base 9?
3428
-9d3 (base 16) to base 9
-3404
Convert 3202 (base 5) to base 2.
110101011
What is 21754 (base 8) in base 4?
2033230
What is 101110011 (base 2) in base 13?
227
-53105 (base 6) to base 12
-4195
Convert 16001 (base 8) to base 16.
1c01
What is 1012111 (base 3) in base 13?
526
Convert 373 (base 12) to base 9.
636
What is -138 (base 9) in base 15?
-7b
Convert -1ca5 (base 15) to base 10.
-6230
Convert -333 (base 6) to base 9.
-153
Convert -409 (base 14) to base 6.
-3401
What is -b1a (base 15) in base 7?
-10201
Convert -1000001100100111 (base 2) to base 15.
-9e35
What is 5aa (base 14) in base 3?
1112212
What is -16500 (base 7) in base 6?
-33440
What is 21103031 (base 4) in base 2?
1001010011001101
Convert -1a6 (base 13) to base 10.
-305
What is 7ce (base 15) in base 14?
905
1343232 (base 6) to base 2
10010100010000100
What is -2146 (base 8) in base 7?
-3166
37765 (base 9) to base 14
9392
Convert -548 (base 14) to base 5.
-13134
What is 24c (base 13) in base 14?
20a
Convert 1165 (base 10) to base 13.
6b8
-2650 (base 7) to base 5
-13030
What is 607 (base 10) in base 7?
1525
What is 34400 (base 5) in base 4?
212223
1011011111111 (base 2) to base 4
1123333
What is -4101 (base 5) in base 13?
-316
Convert -1042 (base 7) to base 2.
-101110101
-2404 (base 9) to base 12
-104a
43 (base 6) to base 10
27
Convert -551a (base 13) to base 3.
-121021000
1221112122 (base 3) to base 16
959f
Convert c56 (base 16) to base 15.
e08
What is 2241 (base 8) in base 5?
14220
Convert 33025 (base 6) to base 10.
4553
473 (base 10) to base 3
122112
What is 6051 (base 8) in base 3?
11021022
Convert -147b (base 14) to base 10.
-3637
Convert -24 (base 13) to base 12.
-26
d87 (base 15) to base 3
11012001
What is -1011111000100 (base 2) in base 4?
-1133010
What is -1110010010000 (base 2) in base 6?
-53504
Convert -2b32 (base 12) to base 14.
-1bca
1011110010 (base 2) to base 7
2125
-35a (base 14) to base 6
-3032
Convert -22332 (base 4) to base 9.
-860
-1014114 (base 5) to base 7
-66635
What is 334 (base 13) in base 3?
202101
Convert -188c (base 13) to base 16.
-e51
Convert 8168 (base 12) to base 10.
14048
What is -10000000111110 (base 2) in base 15?
-26a4
What is 660 (base 7) in base 3?
110110
What is -13205 (base 6) in base 8?
-3745
What is -1252 (base 6) in base 4?
-11000
What is 3500 (base 10) in base 2?
110110101100
Convert 100311 (base 4) to base 6.
4553
What is 163 (base 14) in base 4?
10123
What is 151 (base 9) in base 8?
177
What is 112021 (base 4) in base 13?
850
Convert -11001200201 (base 3) to base 15.
-18a61
Convert -4ca (base 14) to base 10.
-962
Convert -2a7b (base 13) to base 2.
-1100000101010
-30129 (base 12) to base 10
-62385
-6782 (base 9) to base 6
-35115
-10000201202 (base 3) to base 15
-129c2
-100110010 (base 2) to base 8
-462
What is 1358 (base 11) in base 8?
3335
11022101 (base 3) to base 15
de7
Convert 61a2 (base 12) to base 16.
298a
-bbc1 (base 13) to base 12
-1319b
Convert 111101110010001 (base 2) to base 4.
13232101
2011231 (base 4) to base 16
216d
Convert -4a4 (base 12) to base 7.
-2020
Convert 1a926 (base 11) to base 13.
10300
What is -6c8 (base 14) in base 9?
-1762
Convert 2112021 (ba